ultiple of 102?
False
Is 32187684 a multiple of 625?
False
Is 146 a factor of 817057039?
False
Is 971852640 a multiple of 12?
True
Does 1544 divide 288571929?
False
Is 426012644 a multiple of 327?
False
Is 2083 a factor of 139449197?
False
Is 287476205 a multiple of 47?
True
Does 33 divide 171597929?
False
Is 168 a factor of 16040136?
True
Is 143 a factor of 1342649451?
True
Is 20551200 a multiple of 800?
True
Does 36 divide 294668049?
False
Does 15 divide 432769295?
False
Is 56 a factor of 258552?
True
Is 11673432 a multiple of 30?
False
Is 356 a factor of 124166748?
True
Does 1215 divide 97853680?
False
Is 1129351 a multiple of 16?
False
Is 713 a factor of 11468046?
False
Is 58708816 a multiple of 382?
True
Does 16 divide 1351356400?
True
Is 904 a factor of 133321920?
True
Does 12 divide 1213288632?
True
Is 20 a factor of 76389?
False
Does 26 divide 5746792?
False
Is 1778 a factor of 150404015?
False
Is 31 a factor of 8336613?
True
Is 34 a factor of 24609615?
False
Is 32671389 a multiple of 1563?
True
Does 11 divide 232970980?
True
Does 197 divide 4751707?
False
Is 105 a factor of 15729420?
True
Is 10832330 a multiple of 415?
True
Is 49004421 a multiple of 23?
True
Is 320475289 even?
False
Is 939 a factor of 126708660?
True
Does 577 divide 1082053293?
True
Is 146967834 a multiple of 78?
True
Does 114 divide 48893688?
True
Is 1474262694 a multiple of 21?
False
Is 35646629 a multiple of 24?
False
Is 2471565312 a multiple of 4608?
True
Is 307 a factor of 61537504?
False
Does 622 divide 616370900?
True
Is 1544670010 a multiple of 2630?
True
Does 277 divide 293828581?
True
Is 707709635 a multiple of 37?
False
Does 33 divide 78536634?
True
Is 1507983127 a multiple of 13?
False
Is 53930636 a multiple of 1660?
False
Does 5 divide 1395059660?
True
Is 1063 a factor of 83748590?
False
Is 1163757379 a multiple of 232?
False
Is 108471992 a multiple of 160?
False
Is 1249 a factor of 646300605?
False
Is 721542882 a multiple of 223?
False
Is 4640629 a multiple of 11?
False
Does 299 divide 197872519?
True
Does 81 divide 9300906?
True
Does 2000 divide 477358000?
True
Is 15 a factor of 421287780?
True
Is 135 a factor of 129806018?
False
Does 4 divide 7586294?
False
Is 590209323 a multiple of 388?
False
Does 10 divide 449919130?
True
Is 723809327 a multiple of 54?
False
Does 55 divide 78299045?
True
Is 54 a factor of 3194209667?
False
Is 15755902 a multiple of 886?
False
Does 638 divide 496789546?
True
Is 14 a factor of 3460045190?
True
Is 628135096 a multiple of 167?
True
Is 529239542 a multiple of 4004?
False
Does 17 divide 1858457?
True
Does 564 divide 233323381?
False
Is 117 a factor of 550719?
True
Does 9 divide 30639?
False
Does 87 divide 1250692164?
True
Is 2244 a factor of 238021478?
False
Is 395547780 a multiple of 45?
False
Is 22 a factor of 24327534?
True
Is 5109 a factor of 2982756921?
False
Is 9 a factor of 640785997?
False
Is 6873 a factor of 1673542850?
False
Does 385 divide 37976785?
True
Does 11743 divide 204915350?
True
Is 151 a factor of 1309658324?
False
Is 2108 a factor of 93548852?
False
Does 746 divide 108932618?
False
Is 22 a factor of 373293034?
False
Is 2 a factor of 65318754?
True
Is 2090 a factor of 154076890?
True
Is 118226054 a multiple of 151?
True
Does 14 divide 201200734?
True
Is 1009135424 a multiple of 3687?
False
Is 861 a factor of 75754224?
True
Is 139 a factor of 2957756?
False
Does 24 divide 100221632?
False
Is 1825 a factor of 387564482?
False
Is 54 a factor of 13254286?
False
Is 3739 a factor of 281618096?
False
Does 142 divide 3002397962?
False
Does 39 divide 641595786?
True
Is 6180 a factor of 652974770?
False
Does 157 divide 84138655?
True
Does 1007 divide 300095027?
False
Is 5 a factor of 38033955?
True
Is 87784792 a multiple of 20?
False
Is 24 a factor of 4767361?
False
Does 9 divide 139069522?
False
Is 5 a factor of 3777154?
False
Does 22 divide 279993868?
True
Is 4 a factor of 261125670?
False
Is 1815 a factor of 742938570?
False
Does 4 divide 49292148?
True
Is 17 a factor of 4398116312?
False
Is 135169128 a multiple of 164?
True
Is 15614823 a multiple of 1337?
True
Does 4242 divide 63825132?
True
Is 76873992 a multiple of 39?
True
Does 1151 divide 40256661?
False
Is 39 a factor of 229340740?
False
Is 29034855 a multiple of 3?
True
Is 665 a factor of 765573935?
True
Does 612 divide 346898423?
False
Does 26 divide 1668247214?
False
Does 17 divide 31376985?
True
Is 332524320 a multiple of 380?
True
Is 413 a factor of 10428250?
True
Does 26 divide 1265726850?
False
Is 181 a factor of 105801173?
False
Does 157 divide 2252793?
True
Is 97809189 a multiple of 237?
True
Is 17 a factor of 2544907?
False
Does 413 divide 4095366833?
False
Does 2335 divide 4694447412?
False
Is 627 a factor of 193255442?
False
Is 514649335 a multiple of 372?
False
Is 388 a factor of 229009628?
True
Is 2081896193 a multiple of 32?
False
Is 15570984 a multiple of 1352?
True
Does 3 divide 218681118?
True
Is 211 a factor of 373679303?
False
Does 81 divide 62686467?
True
Does 1278 divide 153360479?
False
Does 3203 divide 189222009?
False
Is 21424875 a multiple of 1767?
True
Is 41 a factor of 494156272?
True
Does 353 divide 135680845?
True
Does 8 divide 69920664?
True
Is 251330762 a multiple of 797?
True
Is 28662179 a multiple of 13?
True
Does 2199 divide 5875745592?
True
Does 1773 divide 344157630?
False
Does 112 divide 1223470?
False
Does 23 divide 17448329?
True
Is 493 a factor of 2623746?
True
Does 3051 divide 508266090?
True
Is 66391584 a multiple of 6?
True
Is 771911617 a multiple of 69?
False
Does 20 divide 213305160?
True
Is 218 a factor of 1819322637?
False
Is 4548306191 a multiple of 13?
True
Does 50 divide 228215664?
False
Is 23 a factor of 56145130?
False
Does 648 divide 11021184?
True
Does 2624 divide 1116443776?
True
Is 1208 a factor of 799946430?
False
Is 1299920 a multiple of 80?
True
Is 389462156 a multiple of 137?
False
Does 11772 divide 1067991401?
False
Is 5504155712 a multiple of 6898?
False
Does 8 divide 588743733?
False
Is 242 a factor of 11826056?
True
Is 5087002 a multiple of 23?
True
Is 11 a factor of 11303226?
True
Is 15364401 a multiple of 620?
False
Is 366650220 a multiple of 102?
True
Is 35 a factor of 4867660?
True
Is 107 a factor of 258224277?
True
Does 2482 divide 51925922?
True
Does 22 divide 598511738?
True
Does 143 divide 458248505?
True
Is 435899618 a multiple of 3157?
True
Is 2864685309 a multiple of 19?
True
Does 28 divide 93000376?
True
Is 11 a factor of 1103855968?
False
Is 132 a factor of 33097812?
True
Is 17 a factor of 72026326?
False
Is 21 a factor of 1487048409?
True
Does 273 divide 348621?
True
Is 13757103 a multiple of 9?
True
Does 2275 divide 38016045?
False
Is 45 a factor of 626282849?
False
Does 78 divide 2979819148?
False
Is 7719960 a multiple of 63?
False
Is 390159960 a multiple of 218?
False
Is 3719 a factor of 3007237?
False
Does 26 divide 26117624?
True
Is 226 a factor of 277663?
False
Is 338385952 a multiple of 11?
False
Does 195 divide 5675045?
False
Is 41357004 a multiple of 17?
False
Is 99 a factor of 187928928?
True
Is 33 a factor of 244177737?
False
Is 68 a factor of 1044056504?
False
Does 2751 divide 43790418?
True
Is 415 a factor of 573399690?
True
Is 6376 a factor of 20479447?
False
Is 504 a factor of 261788304?
False
Does 68 divide 31514818?
False
Is 857 a factor of 20646844?
True
Does 8 divide 629059088?
True
Is 519585015 a multiple of 10?
False
Does 22 divide 297074?
False
Does 396 divide 633204?
True
Is 109479290 a multiple of 43?
True
Does 11 divide 8232862?
True
Does 16 divide 44738512?
True
Does 29 divide 454002888?
True
Is 718196012 a multiple of 83?
True
Is 560599404 a multiple of 10?
False
Does 493 divide 30532969?
True
Is 384 a factor of 2023921920?
True
Is 342 a factor of 28644870?
False
Is 1051631716 a multiple of 67?
False
Does 298 divide 53181990?
False
Does 2 divide 11558138?
True
Is 6045 a factor of 837945339?
False
Does 227 divide 106846535?
False
Is 37 a factor of 190819147?
False
Is 1108 a factor of 67771928?
True
Does 198 divide 21112146?
True
Is 425442534 a multiple of 66?
True
Is 143688340 a multiple of 7?
False
Is 2195522368 a multiple of 832?
True
Is 53 a factor of 9787139?
True
Is 452421799 a multiple of 2568?
False
Is 109 a factor of 31702432?
True
Is 22